 when 1110 is divided by 285.
255
What is the remainder when 2338983 is divided by 473?
471
Calculate the remainder when 576 is divided by 149.
129
What is the remainder when 2954 is divided by 211?
0
Calculate the remainder when 368 is divided by 347.
21
What is the remainder when 26121 is divided by 27?
12
What is the remainder when 127368 is divided by 138?
132
Calculate the remainder when 10048 is divided by 8.
0
Calculate the remainder when 102593 is divided by 157.
72
Calculate the remainder when 314121 is divided by 57.
51
What is the remainder when 1651 is divided by 142?
89
What is the remainder when 44735 is divided by 233?
232
What is the remainder when 545451 is divided by 14?
11
Calculate the remainder when 3594 is divided by 262.
188
What is the remainder when 1464 is divided by 15?
9
Calculate the remainder when 1350 is divided by 1212.
138
What is the remainder when 2485 is divided by 2462?
23
What is the remainder when 87253 is divided by 87206?
47
What is the remainder when 87349 is divided by 488?
485
What is the remainder when 3329 is divided by 25?
4
Calculate the remainder when 6079 is divided by 607.
9
What is the remainder when 258785 is divided by 328?
321
What is the remainder when 337900 is divided by 112632?
4
Calculate the remainder when 35332 is divided by 17662.
8
Calculate the remainder when 296873 is divided by 363.
302
Calculate the remainder when 6085 is divided by 65.
40
What is the remainder when 4478 is divided by 297?
23
Calculate the remainder when 3819 is divided by 1072.
603
Calculate the remainder when 1018020 is divided by 28.
24
What is the remainder when 4673 is divided by 17?
15
Calculate the remainder when 22080 is divided by 94.
84
Calculate the remainder when 68310 is divided by 5692.
6
Calculate the remainder when 10757847 is divided by 15.
12
What is the remainder when 1943608 is divided by 74?
72
What is the remainder when 23918 is divided by 19?
16
Calculate the remainder when 31635 is divided by 2154.
1479
What is the remainder when 618928 is divided by 6128?
0
What is the remainder when 1933 is divided by 108?
97
Calculate the remainder when 39340 is divided by 188.
48
What is the remainder when 243101 is divided by 14298?
35
What is the remainder when 24250 is divided by 434?
380
What is the remainder when 19349 is divided by 2412?
53
Calculate the remainder when 219784 is divided by 1446.
1438
Calculate the remainder when 111705 is divided by 55842.
21
What is the remainder when 195 is divided by 7?
6
Calculate the remainder when 3943 is divided by 69.
10
Calculate the remainder when 235113 is divided by 388.
373
What is the remainder when 46182 is divided by 9236?
2
What is the remainder when 61278 is divided by 4084?
18
Calculate the remainder when 721 is divided by 357.
7
Calculate the remainder when 23175 is divided by 980.
635
Calculate the remainder when 2667 is divided by 677.
636
What is the remainder when 20788 is divided by 707?
285
Calculate the remainder when 3511 is divided by 1752.
7
What is the remainder when 18497 is divided by 512?
65
What is the remainder when 6299 is divided by 6282?
17
What is the remainder when 5934 is divided by 2070?
1794
Calculate the remainder when 46417 is divided by 13.
7
What is the remainder when 14484 is divided by 698?
524
Calculate the remainder when 729 is divided by 11.
3
Calculate the remainder when 40935 is divided by 97.
1
What is the remainder when 45206 is divided by 15066?
8
Calculate the remainder when 8328 is divided by 2773.
9
What is the remainder when 14026 is divided by 668?
666
What is the remainder when 38763 is divided by 207?
54
Calculate the remainder when 35488 is divided by 130.
128
Calculate the remainder when 1444 is divided by 15.
4
Calculate the remainder when 138929 is divided by 264.
65
What is the remainder when 29148 is divided by 9706?
30
Calculate the remainder when 14691 is divided by 58.
17
What is the remainder when 20402 is divided by 198?
8
What is the remainder when 576578 is divided by 1111?
1080
What is the remainder when 64067 is divided by 7110?
77
What is the remainder when 1657912 is divided by 20?
12
Calculate the remainder when 220616 is divided by 766.
8
What is the remainder when 1267 is divided by 46?
25
Calculate the remainder when 69672 is divided by 164.
136
Calculate the remainder when 16330 is divided by 195.
145
What is the remainder when 14295 is divided by 66?
39
Calculate the remainder when 2118 is divided by 353.
0
Calculate the remainder when 385 is divided by 157.
71
Calculate the remainder when 131370 is divided by 168.
162
What is the remainder when 12603 is divided by 6295?
13
Calculate the remainder when 91610 is divided by 4.
2
What is the remainder when 6996 is divided by 1742?
28
What is the remainder when 218410 is divided by 72793?
31
Calculate the remainder when 30622 is divided by 24.
22
Calculate the remainder when 52993 is divided by 368.
1
Calculate the remainder when 773700 is divided by 21.
18
Calculate the remainder when 16550257 is divided by 1069.
1068
Calculate the remainder when 19131 is divided by 61.
38
What is the remainder when 249299 is divided by 41548?
11
What is the remainder when 444231 is divided by 197?
193
What is the remainder when 221374 is divided by 677?
672
What is the remainder when 875022 is divided by 246?
0
What is the remainder when 200611 is divided by 37?
34
What is the remainder when 6390 is divided by 6189?
201
What is the remainder when 1630 is divided by 295?
155
What is the remainder when 148918 is divided by 1087?
1086
Calculate the remainder when 2493 is divided by 228.
213
What is the remainder when 340601 is divided by 192?
185
Calculate the remainder when 867770 is divided by 118.
116
What is the remainder when 5465 is divided by 36?
29
Calculate the remainder when 25258 is divided by 101.
8
What is the remainder when 191114 is divided by 63691?
41
What is the remainder when 48653 is divided by 1183?
150
What is the remainder when 316013 is divided by 236?
9
What is the remainder when 22490 is divided by 7416?
242
What is the remainder when 389347 is divided by 94?
93
Calculate the remainder when 25473 is divided by 727.
28
What is the remainder when 1581773 is divided by 25?
23
Calculate the remainder when 1903926 is divided by 634636.
18
What is the remainder when 81141 is divided by 138?
135
Calculate the remainder when 1404 is divided by 366.
306
Calculate the remainder when 11744 is divided by 52.
44
Calculate the remainder when 179205 is divided by 76.
73
Calculate the remainder when 374 is divided by 33.
11
Calculate the remainder when 73358 is divided by 280.
278
Calculate the remainder when 104989 is divided by 410.
29
Calculate the remainder when 94864 is divided by 1555.
9
Calculate the remainder when 164051 is divided by 434.
433
Calculate the remainder when 23163 is divided by 66.
63
What is the remainder when 83629 is divided by 127?
63
Calculate the remainder when 12157 is divided by 160.
157
What is the remainder when 19775 is divided by 27?
11
What is the remainder when 1711 is divided by 903?
808
What is the remainder when 555 is divided by 94?
85
Calculate the remainder when 2122294 is divided by 33.
31
What is the remainder when 17278 is divided by 26?
14
Calculate the remainder when 7611920 is divided by 1499.
1497
What is the remainder when 356713 is divided by 347?
344
Calculate the remainder when 4670 is divided by 128.
62
Calculate the remainder when 117647 is divided by 264.
167
Calculate the remainder when 6788 is divided by 12.
8
Calculate the remainder when 34688 is divided by 13.
4
What is the remainder when 410 is divided by 77?
25
What is the remainder when 199912 is divided by 22?
20
Calculate the remainder when 3134852 is divided by 1637.
1634
What is the remainder when 13277 is divided by 12876?
401
What is the remainder when 294441 is divided by 19?
17
Calculate the remainder when 262052 is divided by 85.
82
What is the remainder when 114879 is divided by 13?
11
What is the remainder when 57335 is divided by 28652?
31
Calculate the remainder when 63933 is divided by 32.
29
Calculate the remainder when 187272 is divided by 62420.
12
Calculate the remainder when 620339 is divided by 844.